{"id":8,"date":"2019-07-31T13:09:59","date_gmt":"2019-07-31T13:09:59","guid":{"rendered":"http:\/\/solidaritaet-gartenverein.de\/?page_id=8"},"modified":"2026-03-11T14:02:10","modified_gmt":"2026-03-11T14:02:10","slug":"wilkommen","status":"publish","type":"page","link":"http:\/\/solidaritaet-gartenverein.de\/","title":{"rendered":"Kleingartenverein Solidarit\u00e4t Dortmund-Huckarde"},"content":{"rendered":"\n<p class=\"has-text-align-center has-light-green-cyan-background-color has-background\" style=\"font-size:25px\">Gr\u00fcne Oase, Gemeinschaft und Erholung seit 1948<\/p>\n\n\n\n<p class=\"has-text-align-center\">Willkommen in der <strong>Kleingartenanlage Solidarit\u00e4t in Dortmund-Huckarde<\/strong> \u2013 einem gr\u00fcnen R\u00fcckzugsort mitten im Ruhrgebiet.<\/p>\n\n\n\n<p class=\"has-text-align-center\">Unsere Anlage umfasst rund <strong>73 Parzellen<\/strong>, die von engagierten Gartenfreundinnen und Gartenfreunden gepflegt werden. Seit der <strong>Vereinsgr\u00fcndung im Jahr 1948<\/strong> steht der Gartenverein Solidarit\u00e4t f\u00fcr Gemeinschaft, Naturverbundenheit und gelebte Nachbarschaft.<br>Ob Blumenbeete, Obstb\u00e4ume oder selbst angebautes Gem\u00fcse \u2013 hier verbinden sich Natur, Erholung und Vereinsleben zu einem Ort, an dem Menschen zusammenkommen, Erfahrungen teilen und gemeinsam Zeit im Gr\u00fcnen genie\u00dfen.<br>Die Anlage ist damit nicht nur ein St\u00fcck Natur im Stadtteil Huckarde, sondern auch ein lebendiger Treffpunkt f\u00fcr Generationen von Gartenfreunden.<\/p>\n\n\n\n<p><\/p>\n\n\n\n<figure class=\"wp-block-gallery has-nested-images columns-default is-cropped wp-block-gallery-1 is-layout-flex wp-block-gallery-is-layout-flex\">\n<figure class=\"wp-block-image size-large\"><img loading=\"lazy\" decoding=\"async\" width=\"1024\" height=\"768\" data-id=\"128\" src=\"http:\/\/solidaritaet-gartenverein.de\/wp-content\/uploads\/2020\/01\/IMG-20200101-WA0035-1024x768.jpg\" alt=\"\" class=\"wp-image-128\" srcset=\"http:\/\/solidaritaet-gartenverein.de\/wp-content\/uploads\/2020\/01\/IMG-20200101-WA0035-1024x768.jpg 1024w, http:\/\/solidaritaet-gartenverein.de\/wp-content\/uploads\/2020\/01\/IMG-20200101-WA0035-300x225.jpg 300w, http:\/\/solidaritaet-gartenverein.de\/wp-content\/uploads\/2020\/01\/IMG-20200101-WA0035-768x576.jpg 768w, http:\/\/solidaritaet-gartenverein.de\/wp-content\/uploads\/2020\/01\/IMG-20200101-WA0035-1536x1153.jpg 1536w, http:\/\/solidaritaet-gartenverein.de\/wp-content\/uploads\/2020\/01\/IMG-20200101-WA0035.jpg 1599w\" sizes=\"auto, (max-width: 1024px) 100vw, 1024px\" \/><\/figure>\n\n\n\n<figure class=\"wp-block-image size-large\"><img loading=\"lazy\" decoding=\"async\" width=\"1024\" height=\"614\" data-id=\"13\" src=\"http:\/\/solidaritaet-gartenverein.de\/wp-content\/uploads\/2019\/07\/cropped-hedgehog-child-1759006_1920-1024x614.jpg\" alt=\"\" class=\"wp-image-13\" srcset=\"http:\/\/solidaritaet-gartenverein.de\/wp-content\/uploads\/2019\/07\/cropped-hedgehog-child-1759006_1920-1024x614.jpg 1024w, http:\/\/solidaritaet-gartenverein.de\/wp-content\/uploads\/2019\/07\/cropped-hedgehog-child-1759006_1920-300x180.jpg 300w, http:\/\/solidaritaet-gartenverein.de\/wp-content\/uploads\/2019\/07\/cropped-hedgehog-child-1759006_1920-768x461.jpg 768w, http:\/\/solidaritaet-gartenverein.de\/wp-content\/uploads\/2019\/07\/cropped-hedgehog-child-1759006_1920.jpg 2000w\" sizes=\"auto, (max-width: 1024px) 100vw, 1024px\" \/><\/figure>\n<\/figure>\n\n\n\n<p class=\"has-text-align-center has-large-font-size\"><strong>Ihr eigener Garten im Gr\u00fcnen<\/strong><\/p>\n\n\n\n<p class=\"has-text-align-center\">Tr\u00e4umen Sie von einem eigenen Garten? M\u00f6chten Sie Zeit in der Natur verbringen, Obst und Gem\u00fcse selbst anbauen und einfach mal abschalten?<\/p>\n\n\n\n<p class=\"has-text-align-center\">Unsere Kleingartenanlage bietet genau das \u2013 ein St\u00fcck Natur mitten in Dortmund.<br>F\u00fcr Familien ist unsere Anlage ein idealer Ort, an dem Kinder unbeschwert spielen und die Natur entdecken k\u00f6nnen. Gleichzeitig bietet das Vereinsleben viele M\u00f6glichkeiten, neue Menschen kennenzulernen und gemeinsam Zeit zu verbringen.<\/p>\n\n\n\n<p class=\"has-text-align-center has-medium-font-size\">Aktuell sind <strong>alle Parzellen vergeben<\/strong>.<\/p>\n\n\n\n<p class=\"has-text-align-center\">Sie k\u00f6nnen sich jedoch gerne bei uns melden, wenn Sie Interesse an einem Garten haben. Wir f\u00fchren eine <strong>Interessentenliste<\/strong> und informieren Sie, sobald eine Parzelle frei wird.<\/p>\n\n\n\n<div class=\"wp-block-buttons is-content-justification-center is-layout-flex wp-container-core-buttons-is-layout-16018d1d wp-block-buttons-is-layout-flex\">\n<div class=\"wp-block-button\"><a class=\"wp-block-button__link has-text-align-center wp-element-button\" href=\"http:\/\/solidaritaet-gartenverein.de\/?page_id=470\">Kontaktformular<\/a><\/div>\n<\/div>\n\n\n\n<p><\/p>\n\n\n\n<p class=\"has-text-align-center has-large-font-size\"><strong>Vereinsheim Vermietung<\/strong><\/p>\n\n\n\n<p class=\"has-text-align-center\" style=\"font-size:18px\">Unser <strong>Vereinsheim im Gartenverein Solidarit\u00e4t<\/strong> steht auch f\u00fcr <strong>private Feiern und Veranstaltungen<\/strong> zur Verf\u00fcgung. Ob Geburtstag, Familienfeier, Jubil\u00e4um oder Treffen im Freundeskreis \u2013 unsere R\u00e4umlichkeiten bieten den passenden Rahmen f\u00fcr gem\u00fctliche und unvergessliche Stunden.<\/p>\n\n\n\n<p class=\"has-text-align-center\" style=\"font-size:18px\">Das Vereinsheim befindet sich mitten in unserer gr\u00fcnen Kleingartenanlage in Dortmund-Huckarde und bietet eine angenehme Atmosph\u00e4re f\u00fcr kleine und gr\u00f6\u00dfere Gesellschaften.<br>Unser Vereinsheim verf\u00fcgt au\u00dferdem \u00fcber eine <strong>komplett modernisierte Toilettenanlage<\/strong>, einschlie\u00dflich einer <strong>barrierefreien und behindertengerechten Toilette<\/strong>.<br>Weitere Informationen zur Vermietung, Ausstattung und den Konditionen finden Sie im Men\u00fcpunkt <strong>\u201eVereinsheim\u201c<\/strong> oder erhalten Sie direkt \u00fcber den Vorstand.<\/p>\n\n\n\n<p class=\"has-text-align-center\" style=\"font-size:18px\"><strong>Unser Vereinsheim bietet:<\/strong><\/p>\n\n\n\n<p class=\"has-text-align-center\" style=\"font-size:18px\">\u2022 gem\u00fctlichen Veranstaltungsraum<br>\u2022 ruhige Lage in gr\u00fcner Umgebung<br>\u2022 moderne Sanit\u00e4ranlagen inkl. barrierefreier Toilette<\/p>\n\n\n\n<div class=\"wp-block-buttons is-content-justification-center is-layout-flex wp-container-core-buttons-is-layout-16018d1d wp-block-buttons-is-layout-flex\">\n<div class=\"wp-block-button\"><a class=\"wp-block-button__link wp-element-button\">Kontaktformular<\/a><\/div>\n<\/div>\n\n\n\n<h2 class=\"wp-block-heading\">Anfahrt<\/h2>\n\n\n\n<p>So erreichen Sie uns:                                                                                                                       Mamertusstra\u00dfe 20a                                                                                                                                           44369 Dortmund<\/p>\n\n\n\n<p><\/p>\n\n\n\n<iframe src=\"https:\/\/www.google.com\/maps\/embed?pb=!1m18!1m12!1m3!1d2482.0176330448594!2d7.395304715309321!3d51.531236416781724!2m3!1f0!2f0!3f0!3m2!1i1024!2i768!4f13.1!3m3!1m2!1s0x47b91963dbdd8e03%3A0x264170ce5c4c82b0!2sMamertusstra%C3%9Fe%2020A%2C%2044369%20Dortmund!5e0!3m2!1sde!2sde!4v1616329922878!5m2!1sde!2sde\" width=\"400\" height=\"300\" style=\"border:0;\" allowfullscreen=\"\" loading=\"lazy\"><\/iframe>\n\n\n\n<figure class=\"wp-block-image size-large\"><img loading=\"lazy\" decoding=\"async\" width=\"2560\" height=\"1773\" src=\"http:\/\/solidaritaet-gartenverein.de\/wp-content\/uploads\/2025\/01\/Plan-Gartenanlage-edited-scaled.jpg\" alt=\"\" class=\"wp-image-407\" srcset=\"http:\/\/solidaritaet-gartenverein.de\/wp-content\/uploads\/2025\/01\/Plan-Gartenanlage-edited-scaled.jpg 2560w, http:\/\/solidaritaet-gartenverein.de\/wp-content\/uploads\/2025\/01\/Plan-Gartenanlage-edited-300x208.jpg 300w, http:\/\/solidaritaet-gartenverein.de\/wp-content\/uploads\/2025\/01\/Plan-Gartenanlage-edited-1024x709.jpg 1024w, http:\/\/solidaritaet-gartenverein.de\/wp-content\/uploads\/2025\/01\/Plan-Gartenanlage-edited-768x532.jpg 768w, http:\/\/solidaritaet-gartenverein.de\/wp-content\/uploads\/2025\/01\/Plan-Gartenanlage-edited-1536x1064.jpg 1536w, http:\/\/solidaritaet-gartenverein.de\/wp-content\/uploads\/2025\/01\/Plan-Gartenanlage-edited-2048x1419.jpg 2048w\" sizes=\"auto, (max-width: 2560px) 100vw, 2560px\" \/><\/figure>\n","protected":false},"excerpt":{"rendered":"<p>Gr\u00fcne Oase, Gemeinschaft und Erholung seit 1948 Willkommen in der Kleingartenanlage Solidarit\u00e4t in Dortmund-Huckarde \u2013 einem gr\u00fcnen R\u00fcckzugsort mitten im Ruhrgebiet. Unsere Anlage umfasst rund 73 Parzellen, die von engagierten Gartenfreundinnen und Gartenfreunden gepflegt werden. Seit der Vereinsgr\u00fcndung im Jahr 1948 steht der Gartenverein Solidarit\u00e4t f\u00fcr Gemeinschaft, Naturverbundenheit und gelebte Nachbarschaft.Ob Blumenbeete, Obstb\u00e4ume oder selbst&#8230;<\/p>\n","protected":false},"author":1,"featured_media":0,"parent":0,"menu_order":0,"comment_status":"closed","ping_status":"closed","template":"","meta":{"_kadence_starter_templates_imported_post":false,"_kad_post_transparent":"","_kad_post_title":"","_kad_post_layout":"","_kad_post_sidebar_id":"","_kad_post_content_style":"","_kad_post_vertical_padding":"","_kad_post_feature":"","_kad_post_feature_position":"","_kad_post_header":false,"_kad_post_footer":false,"_kad_post_classname":"","footnotes":""},"class_list":["post-8","page","type-page","status-publish","hentry"],"_links":{"self":[{"href":"http:\/\/solidaritaet-gartenverein.de\/index.php?rest_route=\/wp\/v2\/pages\/8","targetHints":{"allow":["GET"]}}],"collection":[{"href":"http:\/\/solidaritaet-gartenverein.de\/index.php?rest_route=\/wp\/v2\/pages"}],"about":[{"href":"http:\/\/solidaritaet-gartenverein.de\/index.php?rest_route=\/wp\/v2\/types\/page"}],"author":[{"embeddable":true,"href":"http:\/\/solidaritaet-gartenverein.de\/index.php?rest_route=\/wp\/v2\/users\/1"}],"replies":[{"embeddable":true,"href":"http:\/\/solidaritaet-gartenverein.de\/index.php?rest_route=%2Fwp%2Fv2%2Fcomments&post=8"}],"version-history":[{"count":39,"href":"http:\/\/solidaritaet-gartenverein.de\/index.php?rest_route=\/wp\/v2\/pages\/8\/revisions"}],"predecessor-version":[{"id":492,"href":"http:\/\/solidaritaet-gartenverein.de\/index.php?rest_route=\/wp\/v2\/pages\/8\/revisions\/492"}],"wp:attachment":[{"href":"http:\/\/solidaritaet-gartenverein.de\/index.php?rest_route=%2Fwp%2Fv2%2Fmedia&parent=8"}],"curies":[{"name":"wp","href":"https:\/\/api.w.org\/{rel}","templated":true}]}}